factors of 476752.
2, 83, 359
List the prime factors of 736630.
2, 5, 19, 3877
List the prime factors of 6441089.
59, 109171
What are the prime factors of 486230?
2, 5, 48623
What are the prime factors of 462279?
3, 223, 691
List the prime factors of 906297.
3, 7, 103, 419
List the prime factors of 365611.
365611
List the prime factors of 899814.
2, 3, 149969
List the prime factors of 147533.
43, 47, 73
List the prime factors of 677601.
3, 75289
List the prime factors of 450723.
3, 7, 13, 127
List the prime factors of 880435.
5, 176087
List the prime factors of 358822.
2, 179411
What are the prime factors of 317656?
2, 59, 673
What are the prime factors of 1759530?
2, 3, 5, 89, 659
What are the prime factors of 111877?
17, 6581
What are the prime factors of 19317?
3, 47, 137
What are the prime factors of 835826?
2, 41, 10193
What are the prime factors of 914045?
5, 11, 16619
List the prime factors of 6651096.
2, 3, 97, 2857
What are the prime factors of 1219522?
2, 233, 2617
List the prime factors of 1516924.
2, 601, 631
List the prime factors of 4850547.
3, 13, 277, 449
List the prime factors of 3397570.
2, 5, 11, 67, 461
What are the prime factors of 12212262?
2, 3, 139, 1627
What are the prime factors of 17934098?
2, 7, 13, 2011
List the prime factors of 105513.
3, 35171
What are the prime factors of 509097?
3, 41, 4139
List the prime factors of 426550.
2, 5, 19, 449
What are the prime factors of 2032359?
3, 7, 96779
List the prime factors of 191745.
3, 5, 4261
List the prime factors of 264090.
2, 3, 5, 8803
What are the prime factors of 4955030?
2, 5, 61, 8123
List the prime factors of 20538619.
89, 230771
List the prime factors of 740842.
2, 370421
What are the prime factors of 194645?
5, 11, 3539
List the prime factors of 2355743.
13, 181211
List the prime factors of 10434446.
2, 11, 67, 7079
What are the prime factors of 41510?
2, 5, 7, 593
List the prime factors of 792326.
2, 47, 8429
List the prime factors of 162411.
3, 43, 1259
What are the prime factors of 3174198?
2, 3, 529033
List the prime factors of 18690.
2, 3, 5, 7, 89
What are the prime factors of 4854761?
4854761
List the prime factors of 7533407.
7, 153743
List the prime factors of 444310.
2, 5, 157, 283
What are the prime factors of 196764?
2, 3, 19, 863
What are the prime factors of 13562493?
3, 7, 645833
What are the prime factors of 1894099?
1894099
List the prime factors of 1661311.
1661311
What are the prime factors of 2821205?
5, 557, 1013
What are the prime factors of 519796?
2, 29, 4481
What are the prime factors of 235044?
2, 3, 6529
What are the prime factors of 493006?
2, 53, 4651
What are the prime factors of 30052139?
13, 41, 56383
What are the prime factors of 1329509?
1329509
List the prime factors of 3511365.
3, 5, 11, 13, 1637
List the prime factors of 4155514.
2, 11, 17, 41, 271
What are the prime factors of 137611?
241, 571
List the prime factors of 1413360.
2, 3, 5, 13, 151
What are the prime factors of 290967?
3, 96989
List the prime factors of 520213.
520213
List the prime factors of 9598158.
2, 3, 31, 103, 167
List the prime factors of 186201.
3, 17, 1217
List the prime factors of 906965.
5, 19, 9547
List the prime factors of 1306126.
2, 331, 1973
List the prime factors of 2173138.
2, 11, 98779
What are the prime factors of 39117?
3, 13, 17, 59
List the prime factors of 655647.
3, 218549
List the prime factors of 1166865.
3, 5, 7, 11113
List the prime factors of 1564936.
2, 199, 983
List the prime factors of 12511020.
2, 3, 5, 109, 1913
List the prime factors of 50904.
2, 3, 7, 101
List the prime factors of 253019.
13, 19463
What are the prime factors of 707237?
19, 37223
List the prime factors of 1781617.
17, 104801
List the prime factors of 2537834.
2, 13, 97609
What are the prime factors of 9877469?
7, 201581
List the prime factors of 369123.
3, 41, 3001
List the prime factors of 3632633.
3632633
List the prime factors of 103325.
5, 4133
List the prime factors of 99366.
2, 3, 16561
What are the prime factors of 199887?
3, 66629
What are the prime factors of 69718?
2, 11, 3169
What are the prime factors of 295657?
173, 1709
What are the prime factors of 934912?
2, 11, 83
What are the prime factors of 8058582?
2, 3, 7, 21319
List the prime factors of 334605.
3, 5, 22307
List the prime factors of 287674.
2, 17, 8461
List the prime factors of 29314914.
2, 3, 1481, 3299
What are the prime factors of 353677?
353677
List the prime factors of 139327.
19, 7333
List the prime factors of 724839.
3, 41, 71, 83
List the prime factors of 677590.
2, 5, 67759
What are the prime factors of 29001428?
2, 269, 26953
List the prime factors of 6142171.
7, 29, 79, 383
What are the prime factors of 1429005?
3, 5, 95267
List the prime factors of 384269.
199, 1931
What are the prime factors of 9683356?
2, 2420839
List the prime factors of 3224060.
2, 5, 7, 23029
What are the prime factors of 1371435?
3, 5, 13, 541
What are the prime factors of 5960?
2, 5, 149
What are the prime factors of 583212?
2, 3, 7, 53, 131
What are the prime factors of 1977972?
2, 3, 164831
What are the prime factors of 1585017?
3, 7, 139, 181
List the prime factors of 2018283.
3, 101, 6661
What are the prime factors of 405643?
7, 167, 347
List the prime factors of 243342.
2, 3, 11, 1229
List the prime factors of 12461830.
2, 5, 43, 73, 397
What are the prime factors of 5701792?
2, 23, 61, 127
What are the prime factors of 275551?
71, 3881
What are the prime factors of 3264595?
5, 17, 193, 199
What are the prime factors of 16187206?
2, 7, 1156229
What are the prime factors of 285228?
2, 3, 19, 139
What are the prime factors of 177431?
177431
List the prime factors of 16992.
2, 3, 59
What are the prime factors of 634599?
3, 7, 1439
List the prime factors of 640227.
3, 7, 43, 709
What are the prime factors of 774768?
2, 3, 16141
List the prime factors of 433579.
29, 14951
List the prime factors of 3230805.
3, 5, 43, 5009
List the prime factors of 5372691.
3, 1790897
List the prime factors of 11798261.
191, 223, 277
What are the prime factors of 220280?
2, 5, 5507
List the prime factors of 149029.
71, 2099
What are the prime factors of 331921?
331921
List the prime factors of 649942.
2, 37, 8783
List the prime factors of 27119625.
3, 5, 13, 5563
List the prime factors of 267561.
3, 7, 31, 137
What are the prime factors of 182093?
211, 863
List the prime factors of 1941516.
2, 3, 17977
List the prime factors of 4988238.
2, 3, 831373
List the prime factors of 782364.
2, 3, 11, 5927
What are the prime factors of 11941335?
3, 5, 7, 167, 227
What are the prime factors of 106865?
5, 11, 29, 67
What are the prime factors of 810348?
2, 3, 7, 11, 877
List the prime factors of 79292.
2, 43, 461
List the prime factors of 91986.
2, 3, 15331
List the prime factors of 371268.
2, 3, 10313
List the prime factors of 1144962.
2, 3, 7, 13, 233
List the prime factors of 213820.
2, 5, 10691
What are the prime factors of 995331?
3, 331777
List the prime factors of 5216434.
2, 73, 35729
What are the prime factors of 1014510?
2, 3, 5, 7, 4831
What are the prime factors of 20472248?
2, 37, 69163
What are the prime factors of 10327405?
5, 11, 179, 1049
List the prime factors of 2080705.
5, 11, 37831
List the prime factors of 12525945.
3, 5, 83, 10061
What are the prime factors of 629666?
2, 37, 67, 127
What are the prime factors of 3603448?
2, 450431
What are the prime factors of 244730?
2, 5, 24473
List the prime factors of 4008181.
4008181
List the prime factors of 181591.
113, 1607
List the prime factors of 27586.
2, 13, 1061
List the prime factors of 1737532.
2, 434383
What are the prime factors of 1027591?
1027591
What are the prime factors of 735303?
3, 131, 1871
List the prime factors of 1141906.
2, 101, 5653
List the prime factors of 434088.
2, 3, 6029
What are the prime factors of 55026?
2, 3, 1019
What are the prime factors of 12870756?
2, 3, 61, 5861
What are the prime factors of 376452?
2, 3, 10457
List the prime factors of 788740.
2, 5, 113, 349
What are the prime factors of 848421?
3, 7, 67
List the prime factors of 367981.
29, 12689
List the prime factors of 8719668.
2, 3, 23, 10531
List the prime factors of 858592.
2, 7, 3833
What are the prime factors of 4354623?
3, 7, 13, 409
List the prime factors of 265